etermine m(-6).
0
Suppose -5*o - 248 = -203. Let v(j) = j**2 + 11*j + 22. Calculate v(o).
4
Suppose 0 = k - 12 + 1. Let g(a) = -3 + 0*a + k + a. Suppose 527*c = 525*c. Calculate g(c).
8
Let j = -493 + 493. Let l(y) = y**2 + y - 30. Determine l(j).
-30
Let i(k) = -k**3 + 5*k**2 - 6*k + 12. Let m be i(6). Let p = -57 - m. Let s(b) = b. What is s(p)?
3
Let v(f) be the second derivative of -1/2*f**4 + 0 - 5*f - 1/20*f**5 - 1/2*f**2 - 5/6*f**3. Calculate v(-4).
-13
Suppose 5*r - j = 11, r = 2*j - 2 + 6. Let u(g) = 107*g**2 - g - 3 + 7 - 108*g**r. What is u(-5)?
-16
Let n(u) be the second derivative of -u**5/20 - u**4/2 + 7*u**2/2 + 34*u. Let y(g) = 4*g**3 + 24*g**2 - 29. Let q(l) = -9*n(l) - 2*y(l). Give q(-6).
-5
Let g(c) = -4*c**2 - 56*c - 56. Let a be g(-13). Let x(n) = n - 4. Determine x(a).
-8
Let s(i) = i**2 - 9*i + 15. Let c be 4*(17/2 + -1)/5. Give s(c).
-3
Suppose 0 = -q + 20 - 25. Let f(i) = -2*i - 7. Let p be f(q). Let l(r) = -1 - 2*r + 1 - 4. Determine l(p).
-10
Suppose -h + 30 - 24 = 0. Suppose -i + 11 = h. Let r(k) = -2 - i + k + 2 + k. Calculate r(6).
7
Suppose -4*j = f - 13, 0 = j - 2*j - 4*f + 22. Let r(q) = -7 + j*q**2 - 10*q + 16*q - 3*q**2. Let g = 12 - 6. Calculate r(g).
-7
Let h(v) = -v**2 + 8*v - 6. Suppose -2*r + 14 = -2. Suppose 0 = -q + 3*q - r. Determine h(q).
10
Let h be (1 - 6/5) + (-64)/(-20). Let r(o) = -4*o**2 + 3*o. Determine r(h).
-27
Let g(b) = -4*b - 28. Let y = 687 + -695. Give g(y).
4
Let h(b) = 7*b**3 + b**2. Let g be h(1). Let k(l) = 0*l + g + 2*l - 3*l - 1. Let z(x) = x**2 + 4*x. Let c be z(-4). Determine k(c).
7
Let s(b) = -2 - 9*b + 34032*b**2 + 0 - 34031*b**2. What is s(10)?
8
Let j(v) = -332*v**2 + 331*v**2 - 15 - 5*v - 10 + 5 - 11*v. Give j(-15).
-5
Let l(i) = i + 5. Let k(y) = y + 4. Let o(g) = 3*k(g) - 5*l(g). Give o(-12).
11
Suppose t - 33 = -0*w - 5*w, 5*w - 3*t - 41 = 0. Let b = 12 - w. Let l(i) = -7*i + 29. Let h(c) = 3*c - 14. Let g(v) = -5*h(v) - 2*l(v). Give g(b).
7
Suppose -2*b - 2 + 14 = 0. Let s(q) be the third derivative of q**5/60 - q**4/12 - 5*q**3/6 - 241*q**2. Calculate s(b).
19
Let a(v) = v**3 - 7*v**2 - 3*v + 5. Suppose 0 = 5*i + 25*w - 23*w - 39, 3*w = i - 1. Determine a(i).
-16
Let i(n) = 2*n + 4. Let q(m) = 2*m - 1. Let g(t) = -i(t) - 4*q(t). Calculate g(-2).
20
Let v be 1*(-5 - (-1 - -1)). Let n(r) = -4*r**2 - 7*r - 63*r**3 + 127*r**3 - 3 + 2*r**2 - 65*r**3 - 5*r**2. Calculate n(v).
-18
Let h(p) = -p**3 + 7*p**2 - 12*p - 4. Let w be h(4). Let t(c) = c**2 + 4*c + 5. Calculate t(w).
5
Let s = 1 + 3. Let p(i) = -3 - 2*i + s - 11. Let m be p(-8). Let c(w) = -w**2 + 7*w - 4. What is c(m)?
2
Let q = 3 + 1. Let u(n) = -5*n + 11. Suppose 0 = 6*y - y + 30. Let g(s) = -11*s + 23. Let x(i) = y*g(i) + 13*u(i). Determine x(q).
9
Let g(n) be the third derivative of 30*n**2 + 1/60*n**5 - 1/3*n**4 + 0*n + 0 + n**3. Determine g(7).
-1
Let u be 1*20/((-20)/5). Let g(o) = 4*o + 1. Calculate g(u).
-19
Let c(y) = 4*y**2 - 7 + 3 - 8359*y**3 + 8360*y**3 - 2*y - 4. Determine c(-4).
0
Let m(p) = 2*p. Suppose -46*k + 48*k = 258. Suppose 0 = 5*c + 139 - k. Give m(c).
-4
Let w(d) = 7*d - 16. Let b be w(16). Let o(k) = -k**2 - b*k + 92*k + 10 - 2. Determine o(-6).
-4
Let p(i) = -11*i**2 + 3*i. Let f(x) = -81*x**2 + 21*x + 1. Let m(a) = 2*f(a) - 15*p(a). Let c(u) = -u - 3. Let j be c(-5). What is m(j)?
8
Let x(b) be the second derivative of -b**5/20 + b**4/6 + b**3/6 + b**2 + 6*b. Let z(y) = -y - 11. Let r be z(-7). Let a be -1*2*6/r. Give x(a).
-4
Let a(y) = y**3 - 6*y**2 + 4*y + 2. Let r(g) = -3*g**3 + 13*g**2 - 8*g - 4. Let b(z) = -5*a(z) - 2*r(z). Give b(-5).
-7
Let t = -1 + 16. Suppose 10*x - t*x = -10. Let b(d) = -23*d**3 + 24*d**3 + 7 - 2*d**x - 5*d**2 - d. Calculate b(7).
0
Let i(v) = -8*v - 14. Let s(g) = 10*g + 17. Let z(t) = 6*i(t) + 5*s(t). Determine z(-1).
-1
Let r(o) = o + 2. Suppose 4*x + 15 - 71 = 0. Let h = -12 + x. What is r(h)?
4
Let b = 25 + 7. Suppose b = -0*j - 4*j. Let q(w) = w**3 + 9*w**2 + 6*w - 5. Give q(j).
11
Suppose 0 = -p + 4*k + 9 - 5, -3*p + 12 = -3*k. Let s(g) be the first derivative of 6*g + 1/4*g**p + 0*g**2 - 5 + 0*g**3. Calculate s(0).
6
Let k(w) = 3*w**2 - 5*w - 2. Let z be k(-2). Let b(d) = d**2 - z + 0*d + 5*d + 19. Determine b(-6).
5
Let g(w) = w**3 + 5*w**2 - 2*w - 7. Let k = -70 + 67. Let f be (-2)/(85/25 + k). What is g(f)?
3
Let r(g) be the third derivative of g**6/120 + 2*g**5/15 - 3*g**4/8 + 3*g**2. Let p be r(-9). Let j(m) = 0 + p*m + 10 - 2*m. What is j(8)?
-6
Let l(g) be the third derivative of -g**4/6 - g**3/6 - 12*g**2. Let u be l(-1). Let d(p) = -2*p + p**2 + 1 + 55*p**u - 100*p**3 + 52*p**3. Calculate d(1).
7
Suppose 10*a = 7*a - 15. Let x(o) be the third derivative of -2/3*o**3 + 5/24*o**4 - 1/120*o**6 - 1/15*o**5 + 0*o + 0 + 2*o**2. What is x(a)?
-4
Let f(q) = 7*q**2 + 15*q + 11. Let m(u) = 4*u**2 + 8*u + 6. Let k(v) = -3*f(v) + 5*m(v). Let n be 66/(-16) - (-1)/8. Give k(n).
1
Let k = 71 - 69. Suppose -5*c = 4*s + 14, 2*c + k*c = -5*s - 13. Let f(x) = -4*x - 1. Give f(s).
3
Let p be -39*2/30 + 18/30. Let n(f) = -f**2 + 5*f + 6. Let l be n(6). Let u(j) = -1 - 4*j**2 - j + j**2 + l - 2*j**3. Calculate u(p).
5
Let r(f) = -f**3 + 4*f**2 - 4. Let o be 1 + 10 + -4 - 3. Determine r(o).
-4
Let m(d) be the second derivative of d**3/3 - d**2/2 - 2*d. Suppose p - 6 = 3*p - 3*c, 5*c - 17 = p. Suppose 8*g + 5*j + 15 = p*g, j = -4*g - 6. Give m(g).
-3
Let r(j) = -4*j - 6. Let h(s) = 7*s + 11. Let b(a) = 3*h(a) + 5*r(a). Suppose -4*c - 10 = -11*k + 13*k, -4*c = 3*k + 11. What is b(c)?
1
Let h(b) = 6*b**2 - 1. Let l(s) = 0 + 12 + s - 4. Let n be l(-6). Let z be (-1)/(n*1/(-2)). Determine h(z).
5
Let r(c) be the first derivative of -c**3/3 - 5*c**2/2 + 10*c - 110. What is r(-7)?
-4
Let i(b) = -12*b + 2. Let s(g) = -13*g. Let u(c) = 3*i(c) - 2*s(c). What is u(-3)?
36
Let f(r) be the second derivative of -2*r**3/3 - r**2/2 + 31*r. What is f(-6)?
23
Suppose 0 = -2*n + 248 - 244. Let k(c) be the third derivative of 0 - c**3 + 0*c - 1/12*c**4 + 4*c**n. Determine k(-5).
4
Let o(k) = k**2 + 7*k - 36. Let a(p) = p**2 + 37*p + 121. Let q be a(-33). What is o(q)?
8
Let j be (3 - 2)/((1 + 0)/(-64)). Let n = j - -63. Let y(s) = 10*s**3 - s. Calculate y(n).
-9
Let w be (2 - 3 - -5) + -12. Let f(s) = -4 + 1 - s + 3. Calculate f(w).
8
Let f(b) = b - 1. Let p(m) = -m**2 + m + 4. Let t(n) = f(n) + p(n). Let z(g) = -1. Let l(q) = -t(q) - 2*z(q). Determine l(-2).
7
Let i(o) be the first derivative of -8 + 15*o + 13/2*o**2 + 4/3*o**3 + 9/4*o**4. Let a(l) = 5*l**3 + 2*l**2 + 7*l + 8. Let n(m) = -11*a(m) + 6*i(m). Give n(-2).
16
Let m(i) be the second derivative of 1/12*i**4 + 0 + 1/2*i**2 - 2/3*i**3 - 31*i. What is m(3)?
-2
Let k(a) = 2*a**2 + 1. Let t(m) = 15*m**2 - m + 6. Let u(c) = 5*k(c) - t(c). Determine u(-1).
-7
Let b(f) = -f**2 - 11*f - 11. Let y(z) = -z**3 + 12*z**2 + 5*z + 17. Let s be y(12). Suppose 0 = -p + s - 86. Determine b(p).
7
Let k(d) be the third derivative of -d**5/60 - d**4/4 + 11*d**3/6 - 603*d**2. What is k(-8)?
-5
Let y(q) = 198 - 51 - 2*q - 44 - 52 - 53. Let v be 4/(-10) + (-32)/20. What is y(v)?
2
Let r be 11*-12*2/(-132). Let i(c) = c**3 - c**2 - 2*c + 3. What is i(r)?
3
Let b(i) = 2*i**3 + 17*i**2 - 15*i - 23. Let j(f) = f**3 + 9*f**2 - 8*f - 13. Let z(r) = -4*b(r) + 7*j(r). What is z(-4)?
-31
Let l(g) = -g - g**2 + g + 2 + 2*g. Let c be (111/6)/(14/28). Let u = c + -34. Calculate l(u).
-1
Let d(n) = n**2 - 5*n + 10. Let z(b) = b**2 - 6*b + 10. Suppose 4 = 7*f - 8*f. Let p(v) = f*d(v) + 5*z(v). Determine p(7).
-11
Let q(h) = -h**2 + 2*h - 1. Let j be q(3). Let a(k) be the third derivative of k**6/120 + k**5/15 + k**4/12 - k**3/3 + 3*k**2 - 126*k. Give a(j).
-10
Let b(v) = v**3 + 3*v**2 + v - 2. Suppose 30 = 2*l - 5*r, 0*l = -2*l + 4*r + 26. Suppose -l*p = -2*p + 9. Determine b(p).
-5
Let l = 11 + -36. Let z = -24 - l. Let h(m) = -1 + 0 + 3*m**2 + 2. Determine h(z).
4
Let q be -1*0/(-1)*1. Let m(l) = l - 1. Let a(y) = 3*y + 1. Let x(i) = -2*i - 1. Let u(b) = 3*a(b) + 4*x(b). Let t(p) = -5*m(p) + 6*u(p). Calculate t(q).
-1
Let f(k) = -1 - 4*k - 4 - k**2 - 5*k. Let o(g) = g**3 - 5*g**2 - 8*g + 8. Let h = -8 - -14. Let q be o(h). Give f(q).
15
Let h(s) be the first derivative of 1/12*s**4 + 5/6*s**3 - 2 + 9/2*s**2 + 0*s. Let a(i) be the second derivative of h(i).